digit of 299957?
9
What is the ten thousands digit of 1592719?
9
What is the units digit of 322163?
3
What is the millions digit of 1026716?
1
What is the hundred thousands digit of 895453?
8
What is the hundred thousands digit of 389955?
3
What is the tens digit of 1569777?
7
What is the tens digit of 5779365?
6
What is the thousands digit of 19032163?
2
What is the units digit of 7699421?
1
What is the ten thousands digit of 3089932?
8
What is the hundreds digit of 16114?
1
What is the tens digit of 114485?
8
What is the tens digit of 2072838?
3
What is the thousands digit of 9393425?
3
What is the units digit of 354785?
5
What is the hundreds digit of 19023?
0
What is the thousands digit of 372448?
2
What is the thousands digit of 5299108?
9
What is the thousands digit of 113399?
3
What is the millions digit of 1007880?
1
What is the millions digit of 2322644?
2
What is the tens digit of 1325084?
8
What is the ten thousands digit of 1466086?
6
What is the millions digit of 33418282?
3
What is the hundred thousands digit of 285236?
2
What is the millions digit of 1719445?
1
What is the units digit of 2437205?
5
What is the ten thousands digit of 5636981?
3
What is the thousands digit of 499698?
9
What is the tens digit of 378107?
0
What is the thousands digit of 14677029?
7
What is the ten thousands digit of 568384?
6
What is the units digit of 101118?
8
What is the hundred thousands digit of 19789713?
7
What is the hundred thousands digit of 6053427?
0
What is the tens digit of 10680?
8
What is the tens digit of 873686?
8
What is the thousands digit of 76330?
6
What is the ten thousands digit of 376210?
7
What is the hundred thousands digit of 4918151?
9
What is the thousands digit of 24808886?
8
What is the hundreds digit of 97085?
0
What is the units digit of 39024?
4
What is the millions digit of 5746822?
5
What is the tens digit of 16155301?
0
What is the tens digit of 633465?
6
What is the tens digit of 385433?
3
What is the tens digit of 6880287?
8
What is the tens digit of 22238767?
6
What is the units digit of 991691?
1
What is the units digit of 1072423?
3
What is the ten thousands digit of 5216431?
1
What is the units digit of 50476?
6
What is the ten thousands digit of 1468555?
6
What is the millions digit of 1629124?
1
What is the units digit of 330755?
5
What is the tens digit of 9068923?
2
What is the ten thousands digit of 18997394?
9
What is the ten thousands digit of 91835?
9
What is the units digit of 331164?
4
What is the thousands digit of 258607?
8
What is the hundred thousands digit of 18516937?
5
What is the hundreds digit of 2748216?
2
What is the hundred thousands digit of 24525854?
5
What is the tens digit of 93822?
2
What is the ten millions digit of 18944741?
1
What is the units digit of 4713861?
1
What is the thousands digit of 197696?
7
What is the hundreds digit of 1946483?
4
What is the thousands digit of 199928?
9
What is the units digit of 901784?
4
What is the hundred thousands digit of 150899?
1
What is the hundreds digit of 240975?
9
What is the units digit of 540973?
3
What is the hundred thousands digit of 110104?
1
What is the units digit of 6395748?
8
What is the thousands digit of 5792387?
2
What is the ten thousands digit of 468894?
6
What is the tens digit of 11204916?
1
What is the hundreds digit of 62071?
0
What is the units digit of 1753831?
1
What is the hundreds digit of 2631212?
2
What is the hundreds digit of 638639?
6
What is the ten thousands digit of 1911225?
1
What is the hundred thousands digit of 451939?
4
What is the tens digit of 11710880?
8
What is the millions digit of 26948428?
6
What is the ten millions digit of 24630385?
2
What is the ten thousands digit of 157132?
5
What is the units digit of 2054033?
3
What is the units digit of 281093?
3
What is the thousands digit of 271964?
1
What is the tens digit of 40406083?
8
What is the hundred thousands digit of 10317612?
3
What is the hundreds digit of 1333690?
6
What is the millions digit of 10782622?
0
What is the thousands digit of 8614890?
4
What is the thousands digit of 430979?
0
What is the thousands digit of 2551924?
1
What is the tens digit of 309594?
9
What is the tens digit of 282379?
7
What is the hundreds digit of 1059220?
2
What is the hundreds digit of 37029?
0
What is the hundreds digit of 15327359?
3
What is the units digit of 391379?
9
What is the thousands digit of 245799?
5
What is the ten thousands digit of 516904?
1
What is the hundred thousands digit of 7966598?
9
What is the units digit of 2849375?
5
What is the hundred thousands digit of 453670?
4
What is the units digit of 264146?
6
What is the thousands digit of 4319240?
9
What is the thousands digit of 4087286?
7
What is the ten thousands digit of 1035208?
3
What is the hundred thousands digit of 15513635?
5
What is the tens digit of 492326?
2
What is the units digit of 114923?
3
What is the ten millions digit of 10912196?
1
What is the thousands digit of 73327?
3
What is the tens digit of 749513?
1
What is the ten thousands digit of 29248?
2
What is the ten thousands digit of 446689?
4
What is the hundreds digit of 214289?
2
What is the thousands digit of 376612?
6
What is the tens digit of 1861144?
4
What is the hundred thousands digit of 825912?
8
What is the hundreds digit of 13046670?
6
What is the hundreds digit of 117416?
4
What is the hundred thousands digit of 310573?
3
What is the units digit of 57530?
0
What is the tens digit of 350233?
3
What is the hundreds digit of 3065976?
9
What is the tens digit of 40826?
2
What is the units digit of 77598?
8
What is the units digit of 27051?
1
What is the thousands digit of 159934?
9
What is the ten thousands digit of 13022277?
2
What is the units digit of 715219?
9
What is the tens digit of 41083728?
2
What is the millions digit of 5215027?
5
What is the thousands digit of 2543564?
3
What is the hundreds digit of 739956?
9
What is the hundred thousands digit of 16578134?
5
What is the millions digit of 5061521?
5
What is the hundred thousands digit of 4054487?
0
What is the ten millions digit of 14794603?
1
What is the tens digit of 5653800?
0
What is the thousands digit of 1233359?
3
What is the units digit of 2142285?
5
What is the thousands digit of 926045?
6
What is the ten thousands digit of 182854?
8
What is the tens digit of 309627?
2
What is the hundred thousands digit of 3504729?
5
What is the ten thousands digit of 1078634?
7
What is the tens digit of 451590?
9
What is the hundreds digit of 613905?
9
What is the thousands digit of 1680043?
0
What is the thousands digit of 152613?
2
What is the ten millions digit of 13219457?
1
What is the units digit of 1179636?
6
What is the ten thousands digit of 176594?
7
What is the hundred thousands digit of 118591?
1
What is the tens digit of 155328?
2
What is the ten thousands digit of 197951?
9
What is the hundred thousands digit of 190815?
1
What is the ten thousands digit of 18336492?
3
What is the millions digit of 21948298?
1
What is the ten thousands digit of 4510365?
1
What is the units digit of 307874?
4
What is the ten thousands digit of 401030?
0
What is the thousands digit of 13967913?
7
What is the hundreds digit of 543744?
7
What is the thousands digit of 7099991?
9
What is the thousands digit of 860813?
0
What is the thousands digit of 658479?
8
What is the hundred thousands digit of 462846?
4
What is the ten thousands digit of 8953220?
5
What is the millions digit of 2812751?
2
What is the millions digit of 7131263?
7
What is the millions digit of 1450032?
1
What is the units digit of 794755?
5
What is the units digit of 473022?
2
What is the ten thousands digit of 886750?
8
What is the ten millions digit of 11946704?
1
What is the thousands digit of 22417086?
7
What is the ten thousands digit of 23342489?
4
What is the ten thousands digit of 187071?
8
What is the thousands digit of 9317900?
7
What is the ten thousands digit of 741273?
4
What is the units digit of 773472?
2
What is the units digit of 4590551?
1
What is the ten thousands digit of 30930?
3
What is the units digit of 2900047?
7
What is the hundreds digit of 701664?
6
What is the ten thousands digit of 626141?
2
What is the thousands digit of 1445634?
5
What is the hundr